 of (3 - -38)/(l + (-9)/(-4))?
6
Let j(k) = -k**2 - 13*k. Let c(z) = z**2 + 13*z - 1. Suppose 4*r = v - 11, -4*r - 2 - 3 = v. Let n(d) = v*c(d) + 4*j(d). What is the units digit of n(-5)?
7
Let f be ((-7)/(-21))/((-2)/(-162)). Suppose -w + 93 = 4*d, -4*d + f = 2*w - 71. Suppose -j = 6 - d. What is the tens digit of j?
1
Let z(f) = -f**2 + f + 24. Suppose 0 = -18*x + 15*x. Let c(t) = t**3 + t**2 - 2*t. Let d be c(x). What is the tens digit of z(d)?
2
Let v = 3491 + -2309. What is the thousands digit of v?
1
Let c = 26 + -20. Let n be (0 - 1)/(c/24). What is the units digit of n - -24 - (-2)/2?
1
What is the tens digit of 110 + (-4 - 3 - (1 - 4))?
0
Let q = -1 + 19. Suppose -2*t + t = -q. What is the units digit of t?
8
Let v(o) = -o**3 - 6*o**2 - o - 1. Let l be v(-6). Suppose 0 = b - 2*b + 17. What is the units digit of b + -21 - l*-5?
1
Suppose -2*s + 66 - 17 = -5*q, 5*q + 64 = -3*s. Let j = q - -122. What is the units digit of j?
1
Let p = 5 + 0. Suppose 2*g + g - 1 = p*u, 2*g = -u + 5. Suppose 3*c = -g*i + 81 - 17, -5*c = -2*i - 80. What is the units digit of c?
8
Suppose 4*i + 0*i = 84. Let x = i + -21. Suppose x = -5*n + 321 - 1. What is the units digit of n?
4
Suppose r + o - 12 = -3*r, -o = -r + 3. Suppose -r*z = u - 95, -6 = -5*z - 1. Suppose -14*m + u = -12*m. What is the units digit of m?
6
Let h = -46 + 36. What is the units digit of 4*6/60 + (-2016)/h?
2
Suppose 3*l - 4*l + 3*d = 9, 3*l + d = 3. Suppose -2*i + l*w + 194 = -3*w, 3*i - 302 = -w. What is the units digit of i?
0
Let y(r) = r**2 - 6*r - 22. Let d be y(11). Suppose 3*t - 144 + d = 0. What is the units digit of t?
7
Let k be 2/(-3)*(-4 + -2). Suppose k*g = 6*g + 4. What is the tens digit of ((-1)/g)/((-1)/(-60))?
3
Let z be (-18)/12*10/(-3). Suppose 0*t = -5*t + 125. Suppose 0 = -z*o + 5 + t. What is the units digit of o?
6
Suppose 1289 = 5*l - 2*a - 884, 4*a + 1748 = 4*l. What is the units digit of l?
3
Let g(c) = -8*c**3 - c**2. Let u be g(1). Let z(p) = p**2 + 9*p - 9. Let a be z(u). Let h = -8 - a. What is the units digit of h?
1
Let o(s) = -s**3 - 2*s + 8. Let x be ((-100)/(-16))/5*-4. What is the hundreds digit of o(x)?
1
Suppose 2*p - 3*p = -19. Suppose 1571 = p*w - 44. What is the units digit of w?
5
Let g(k) = 2*k**2 - 4*k - 11. Let b be g(5). Let r = 7 - b. Let x = 27 + r. What is the tens digit of x?
1
Suppose -g + 3*g = 650. Let u(i) = -12*i - 32. Let n be u(-3). Suppose t + n*t = g. What is the units digit of t?
5
Let w = -1343 + 2432. What is the tens digit of w?
8
Suppose 2*i = -5*p + 60, -3*p - i + 35 = -0*p. Let q = 78 - 62. Suppose 0 = -2*d + q + p. What is the tens digit of d?
1
Let g(w) = -w**3 + 12*w**2 + 9*w + 6. What is the units digit of g(11)?
6
Let t(x) = -x**3 - 11*x**2 - 11*x - 3. Let u(d) = -d**3 - 12*d**2 - 12*d - 2. Let i(k) = 2*t(k) - 3*u(k). What is the tens digit of i(-12)?
2
Let t(s) = s**2 + 5*s + 7. Let n be t(-6). Suppose -c + 2*m = -94, n = 5*c - 2*m - 417. Suppose 0 = -l - 3*l + c. What is the tens digit of l?
2
Let q(n) = -n**2 - 8*n - 1. Let k be q(-9). Suppose -l + 126 = 2*l. Let g = l + k. What is the tens digit of g?
3
Suppose 0 = 2*c - 3*c + 2. Suppose 2*x + t - 144 = -t, c*t = x - 87. What is the units digit of x?
7
Let c = 1 + -6. Suppose 0*h - 3*h + 30 = 0. What is the units digit of (-1)/c - (-88)/h?
9
Let y(m) = -710*m + 26. What is the units digit of y(-3)?
6
Suppose 1127 = t - 0*x + x, 4*t - 3*x - 4543 = 0. What is the tens digit of t?
3
What is the tens digit of (-1165 + -6 + 4)*(-14 + 11)?
0
Suppose 12915 + 1572 = 11*y. What is the hundreds digit of y?
3
Let a(z) = 11*z**2 + 2*z - 6. Let x be a(3). Let n = x - -13. What is the units digit of n?
2
Let z be 338/8 - 6/24. Suppose 2*u - 110 = -2*i + 6*i, -70 = 2*i - 4*u. Let s = i + z. What is the units digit of s?
7
What is the tens digit of (27*30)/3 + -2 + 1?
6
Suppose -38403 - 39186 = -37*m. What is the thousands digit of m?
2
Let m = -125 + 67. Let d = 117 + m. What is the tens digit of d?
5
Let u be (-294)/15 - 4/10. Let g = 32 + u. Suppose 0 = -2*q + 30 + g. What is the units digit of q?
1
Let r = 2876 + -1482. What is the thousands digit of r?
1
Let u(n) = -7*n - 10. Let z be u(-3). Let y(g) = 5*g**2 - 6*g + 1. Let a(k) = 14*k**2 - 19*k + 3. Let x(l) = 4*a(l) - 11*y(l). What is the tens digit of x(z)?
1
Suppose -7*s + 14*s - 28 = 0. Suppose 5*l - 353 = s*k + 661, 614 = 3*l - k. What is the units digit of l?
6
Suppose -9*a = -5308 - 245. What is the tens digit of a?
1
Let h(g) = 4*g**2 - 6*g - 27. What is the tens digit of h(8)?
8
Suppose 0 = 5*o - 10, -2*d = 4*o - 6430 - 2566. What is the thousands digit of d?
4
Let y = 216 + -154. Let m(q) = q + 21. Let n be m(-5). Suppose -4*r - n = 0, -3*i + y = 4*r + 18. What is the tens digit of i?
2
Suppose k + 5*u - 2952 = 531, -3*u = 0. What is the units digit of k?
3
Suppose 3*a + u = -4*u + 1854, -3090 = -5*a - 4*u. What is the units digit of a?
8
Let q = -6 + -6. Let v be (-14)/((8/q)/1). Let i = 2 + v. What is the tens digit of i?
2
Let m = 414 - 126. What is the units digit of m?
8
Let r be 0 + (69*4)/(-4). Let o = -12 - r. What is the units digit of 5 + -3 + o + -1?
8
Suppose 5*m - 4*o + 2*o - 2537 = 0, -3*m + 1519 = -2*o. What is the units digit of m?
9
Let r be 7 + -5 - (52 + 3). Let f = -26 - r. What is the tens digit of f?
2
Let h(n) = -4*n - 2 + 10 + 2*n. Let i be h(-10). What is the units digit of 286/8 - (-7)/i?
6
Let m be 4/(-1 + -3) - -14. Let u be 1 + (1 + m - 0). Let z = 5 + u. What is the tens digit of z?
2
What is the units digit of ((-5)/4)/(123770/(-9520) - -13)?
0
Suppose -l - 2*k + 26 = 0, 2*l + k = -2*k + 52. Suppose -2*c - 13 - l = -n, -86 = -2*n + 2*c. What is the tens digit of n?
4
Let q(a) = -2*a + 42. Let p be q(15). Suppose x + 4*x = -5*s + 250, -x - 3*s + 56 = 0. Let o = p + x. What is the tens digit of o?
5
Let p(i) = i**3 + 10*i**2 + i + 10. Let t be p(-10). Suppose 9*d - 11*d + 224 = t. What is the tens digit of d?
1
Let c(i) = i**3 + 6*i**2 + 2*i - 6. Let h be c(-6). What is the units digit of 3 + (-3 - h - 4)?
4
Let r = 15 - 9. Suppose -3*q + 18 = -r. What is the units digit of q?
8
Let o(u) = -6*u**2 + 4*u - 7. Let r be o(4). Let m = -64 - r. What is the tens digit of m?
2
Suppose -d = n - 125, n = d - 6*d + 605. What is the tens digit of d?
2
Let u(v) = -v**2 + 150*v - 154. What is the thousands digit of u(76)?
5
Suppose -2*h + 3*w = 191 + 116, 2*w = -3*h - 467. Let a = -46 - h. What is the tens digit of a?
0
Let r = 5 - 2. Suppose -1 = r*t + 2. What is the tens digit of (-48)/15*(-9 + t)?
3
Let i(z) be the second derivative of 4*z**3/3 + 2*z**2 - 7*z. Let r be i(6). Suppose -5*x - 5*v = -4*x + 9, -4*v - r = -2*x. What is the tens digit of x?
1
Let j be 260/6 + (-2)/(-3). Suppose -i + 0*i + j = 0. What is the tens digit of i?
4
Let v be ((5 + -6)/((-2)/6))/(-1). What is the tens digit of ((-31)/v + 1)/((-12)/(-54))?
5
Let n(x) = -4*x**3 + 4*x**2 - x - 6. Let q be n(-3). Suppose -q = 11*m - 647. What is the units digit of m?
6
Let z = -4600 - -9412. What is the hundreds digit of z?
8
Let y be (-1266)/(-6) - (-4 - 1). Suppose -3*c = 4*i - y, i + 4*c - 1 = 40. What is the tens digit of i?
5
Let t(r) = 2*r**2 - 22*r - 6. Let o be t(17). Let a = 66 + o. What is the tens digit of a?
6
Suppose -3115 = -5*b + 105. What is the units digit of b?
4
Let a = -944 + 4601. What is the tens digit of a?
5
Suppose -144505 + 55040 = -29*b. What is the tens digit of b?
8
Let a be 17/(-6) + (-2)/12. What is the units digit of (3 - 100/12)*a?
6
Suppose -64 = 2*y - 702. What is the hundreds digit of y?
3
Let z = -13125 - -19813. Suppose 3*u - 7*u + z = 0. What is the units digit of u/52 + 4/(-26)?
2
Let l(v) = 794*v - 178. What is the units digit of l(5)?
2
Suppose -4*q - 2*a - 950 + 8720 = 0, -2*q + 2*a + 3870 = 0. What is the units digit of q?
0
Let n = -1730 - -5794. What is the units digit of n?
4
Let u(f) = -7*f**2 - 10*f + 31. Let v be u(-13). What is the units digit of (-2 + 0)/(14/v)?
6
Let u = 2535 + 3097. What is the thousands digit of u?
5
Suppose 382 = 5*t - 273. Let j = t + -82. What is the tens digit of j?
4
Let w = 1847 + 28. What is the thousands digit of w?
1
Suppose 3*h + 3*x - 3813 = 0, -x = 2 + 1. What is the units digit of h?
4
Suppose t - c = -61, -3*t - 67 = 5*c + 92. Let u be -3 